{"id":247,"date":"2018-03-07T13:22:26","date_gmt":"2018-03-07T13:22:26","guid":{"rendered":"http:\/\/nou.reunionesdeestudiosregionales.org\/valencia2018\/es\/?page_id=247"},"modified":"2018-11-07T19:55:54","modified_gmt":"2018-11-07T19:55:54","slug":"programa-especial-para-nuevos-investigadores","status":"publish","type":"page","link":"https:\/\/reunionesdeestudiosregionales.org\/valencia2018\/es\/programa-especial-para-nuevos-investigadores\/","title":{"rendered":"Programa especial para nuevos investigadores"},"content":{"rendered":"<p>Conscientes de la importancia de atraer nuevos investigadores al estudio de las din\u00e1micas espaciales econ\u00f3micas y sociales, la econom\u00eda urbana y regional y la geograf\u00eda econ\u00f3mica la Asociaci\u00f3n Espa\u00f1ola de Ciencia Regional invita a nuestros j\u00f3venes investigadores a una serie de actividades en el marco de la XLIV Reuni\u00f3n de Estudios Regionales cuya pr\u00f3xima edici\u00f3n se celebrara el 21, 22 y 23 de Noviembre de 2018 en Val\u00e8ncia.<\/p>\n<p>Se proponen actividades espec\u00edficas pensadas para doctorandos que se encuentran en las primeras etapas de sus tesis doctorales y para estudiantes de m\u00e1ster orientados hacia la investigaci\u00f3n. Siendo sensibles a la escasez de recursos al alcance de estos j\u00f3venes investigadores se acompa\u00f1a\u00a0 la propuesta de una inscripci\u00f3n reducida y muy beneficiosa.<\/p>\n<p>Estas actividades incluyen la asistencia a los talleres de formaci\u00f3n, el acceso a las sesiones paralelas y plenarias, y al taller para nuevos investigadores donde podr\u00e1n presentar sus propuestas de investigaci\u00f3n a investigadores de reconocido prestigio y recibir sus sugerencias.<\/p>\n<table>\n<tbody>\n<tr>\n<td width=\"113\"><strong>Mi\u00e9rcoles 21<\/strong><\/p>\n<p><strong>16:00 \u2013 20:00<\/strong><\/td>\n<td width=\"453\"><strong>Talleres:\u00a0<\/strong>Big data y Redes Sociales, Gesti\u00f3n del agua y\u00a0Curso r\u00e1pido de mapas con el software libre Quantum GIS (QGIS)<\/td>\n<\/tr>\n<tr>\n<td width=\"113\"><strong>Jueves 22 y viernes 23<\/strong><\/p>\n<p><strong>8:30 \u2013 20:30<\/strong><\/td>\n<td width=\"453\">Acceso a todas las\u00a0<strong>sesiones paralelas, conferencias y actividades de la XLIV Reuni\u00f3n de Estudios Regionales<\/strong><\/td>\n<\/tr>\n<tr>\n<td width=\"113\"><strong>Viernes 23<\/strong><strong> tarde<\/strong><\/td>\n<td width=\"453\">Presentaci\u00f3n de un p\u00f3ster sobre su investigaci\u00f3n en el\u00a0<strong>taller para nuevos investigadores<\/strong><\/td>\n<\/tr>\n<\/tbody>\n<\/table>\n<p>&nbsp;<\/p>\n<p><strong>Taller para nuevos investigadores<\/strong><\/p>\n<p>El objetivo es que el nuevo investigador pueda presentar su idea de investigaci\u00f3n. No es necesario que presente resultados sino que concrete y motive su pregunta de investigaci\u00f3n, objetivos y en la medida de lo posible que especifique su plan de trabajo, metodolog\u00eda y posibles bases de datos para afrontar su an\u00e1lisis. Para facilitar dicha presentaci\u00f3n se recomienda como formato la elaboraci\u00f3n de un\u00a0<strong>p\u00f3ster.<\/strong><\/p>\n<p>La conferenciante invitada,\u00a0<strong>Prof. Roberta Capello<\/strong>\u00a0y el\u00a0<strong>Prof. Juan Ram\u00f3n Cuadrado Roura,\u00a0<\/strong>ambos<strong>\u00a0<\/strong>con amplia experiencia en direcci\u00f3n de tesis doctorales y proyectos de investigaci\u00f3n internacionales realizar\u00e1n comentarios constructivos a la idea propuesta y orientar\u00e1n al investigador sobre las estrategias adecuadas para llevar a cabo sus proyectos de investigaci\u00f3n, alternativas de bases de datos, potenciales problemas o mejoras en la concreci\u00f3n de la pregunta de investigaci\u00f3n y el plan de trabajo expuestos.<\/p>\n<p><strong>Condiciones especiales para los nuevos investigadores<\/strong><\/p>\n<p>Podr\u00e1n acogerse a esta f\u00f3rmula estudiantes de m\u00e1ster o al inicio de su doctorado. No pueden hacerlo los doctorandos que est\u00e9n en la fase final de su tesis o que participen en alguna sesi\u00f3n del congreso.\u00a0<u>Plazas limitadas<\/u>.<\/p>\n<p>La cuota especial reducida es de 75 \u20ac. La cuota est\u00e1ndar para el resto de inscritos es de 265 euros lo que supone un\u00a0<strong>ahorro de 190 euros<\/strong>. Esta cuota especial reducida <strong>incluye derecho a participar los cursos, la asistencia a sesiones, y el taller para nuevos investigadores.\u00a0<\/strong>\u00danicamente\u00a0<u>no incluye la cena de gala<\/u>\u00a0a la que se puede asistir abonando 50 euros.<\/p>\n<p>Adem\u00e1s, <strong>incluye la cuota de socio por un a\u00f1o<\/strong>\u00a0(que asciende a 65 euros) con todos los derechos como socio: acceso a la revista\u00a0<em>Investigaciones Regionales<\/em>, importantes reducciones en todos los congresos internacionales de ciencia regional (RSAI), servicios y actividades de la AECR, etc. (<em>se tendr\u00e1 que realizar el registro como socio a trav\u00e9s de la web\u00a0<\/em><a href=\"http:\/\/www.aecr.org\/\"><em>www.aecr.org<\/em><\/a><em>, despu\u00e9s del congreso<\/em>).<\/p>\n<p>Es necesario enviar un mail a info@aecr.org indicando que vas a participar junto con el justificante de la transferencia. El pago de la cuota es por transferencia a la Caja de Arquitectos ES6531830800810000092380 <strong>hasta el 15 de octubre<\/strong> con el comentario Tu nombre y Pago Cuota AECR-RER-Joven.<\/p>","protected":false},"excerpt":{"rendered":"<p>Conscientes de la importancia de atraer nuevos investigadores al estudio de las din\u00e1micas espaciales econ\u00f3micas y sociales, la econom\u00eda urbana y regional y la geograf\u00eda econ\u00f3mica la Asociaci\u00f3n Espa\u00f1ola de Ciencia Regional invita a nuestros j\u00f3venes investigadores a una serie de actividades en el marco de la XLIV Reuni\u00f3n de Estudios Regionales cuya pr\u00f3xima edici\u00f3n [&hellip;]<\/p>\n","protected":false},"author":1,"featured_media":0,"parent":0,"menu_order":14,"comment_status":"closed","ping_status":"closed","template":"","meta":{"_acf_changed":false,"footnotes":""},"class_list":["post-247","page","type-page","status-publish","hentry"],"acf":[],"_links":{"self":[{"href":"https:\/\/reunionesdeestudiosregionales.org\/valencia2018\/es\/wp-json\/wp\/v2\/pages\/247","targetHints":{"allow":["GET"]}}],"collection":[{"href":"https:\/\/reunionesdeestudiosregionales.org\/valencia2018\/es\/wp-json\/wp\/v2\/pages"}],"about":[{"href":"https:\/\/reunionesdeestudiosregionales.org\/valencia2018\/es\/wp-json\/wp\/v2\/types\/page"}],"author":[{"embeddable":true,"href":"https:\/\/reunionesdeestudiosregionales.org\/valencia2018\/es\/wp-json\/wp\/v2\/users\/1"}],"replies":[{"embeddable":true,"href":"https:\/\/reunionesdeestudiosregionales.org\/valencia2018\/es\/wp-json\/wp\/v2\/comments?post=247"}],"version-history":[{"count":4,"href":"https:\/\/reunionesdeestudiosregionales.org\/valencia2018\/es\/wp-json\/wp\/v2\/pages\/247\/revisions"}],"predecessor-version":[{"id":2190,"href":"https:\/\/reunionesdeestudiosregionales.org\/valencia2018\/es\/wp-json\/wp\/v2\/pages\/247\/revisions\/2190"}],"wp:attachment":[{"href":"https:\/\/reunionesdeestudiosregionales.org\/valencia2018\/es\/wp-json\/wp\/v2\/media?parent=247"}],"curies":[{"name":"wp","href":"https:\/\/api.w.org\/{rel}","templated":true}]}}

<p>Conscientes de la importancia de atraer nuevos investigadores al estudio de las dinámicas espaciales económicas y sociales, la economía urbana y regional y la geografía económica la Asociación Española de Ciencia Regional invita a nuestros jóvenes investigadores a una serie de actividades en el marco de la XLIV Reunión de Estudios Regionales cuya próxima edición se celebrara el 21, 22 y 23 de Noviembre de 2018 en València.</p>
<p>Se proponen actividades específicas pensadas para doctorandos que se encuentran en las primeras etapas de sus tesis doctorales y para estudiantes de máster orientados hacia la investigación. Siendo sensibles a la escasez de recursos al alcance de estos jóvenes investigadores se acompaña  la propuesta de una inscripción reducida y muy beneficiosa.</p>
<p>Estas actividades incluyen la asistencia a los talleres de formación, el acceso a las sesiones paralelas y plenarias, y al taller para nuevos investigadores donde podrán presentar sus propuestas de investigación a investigadores de reconocido prestigio y recibir sus sugerencias.</p>
<table>
<tbody>
<tr>
<td width="113"><strong>Miércoles 21</strong></p>
<p><strong>16:00 – 20:00</strong></td>
<td width="453"><strong>Talleres: </strong>Big data y Redes Sociales, Gestión del agua y Curso rápido de mapas con el software libre Quantum GIS (QGIS)</td>
</tr>
<tr>
<td width="113"><strong>Jueves 22 y viernes 23</strong></p>
<p><strong>8:30 – 20:30</strong></td>
<td width="453">Acceso a todas las <strong>sesiones paralelas, conferencias y actividades de la XLIV Reunión de Estudios Regionales</strong></td>
</tr>
<tr>
<td width="113"><strong>Viernes 23</strong><strong> tarde</strong></td>
<td width="453">Presentación de un póster sobre su investigación en el <strong>taller para nuevos investigadores</strong></td>
</tr>
</tbody>
</table>
<p>&nbsp;</p>
<p><strong>Taller para nuevos investigadores</strong></p>
<p>El objetivo es que el nuevo investigador pueda presentar su idea de investigación. No es necesario que presente resultados sino que concrete y motive su pregunta de investigación, objetivos y en la medida de lo posible que especifique su plan de trabajo, metodología y posibles bases de datos para afrontar su análisis. Para facilitar dicha presentación se recomienda como formato la elaboración de un <strong>póster.</strong></p>
<p>La conferenciante invitada, <strong>Prof. Roberta Capello</strong> y el <strong>Prof. Juan Ramón Cuadrado Roura, </strong>ambos<strong> </strong>con amplia experiencia en dirección de tesis doctorales y proyectos de investigación internacionales realizarán comentarios constructivos a la idea propuesta y orientarán al investigador sobre las estrategias adecuadas para llevar a cabo sus proyectos de investigación, alternativas de bases de datos, potenciales problemas o mejoras en la concreción de la pregunta de investigación y el plan de trabajo expuestos.</p>
<p><strong>Condiciones especiales para los nuevos investigadores</strong></p>
<p>Podrán acogerse a esta fórmula estudiantes de máster o al inicio de su doctorado. No pueden hacerlo los doctorandos que estén en la fase final de su tesis o que participen en alguna sesión del congreso. <u>Plazas limitadas</u>.</p>
<p>La cuota especial reducida es de 75 €. La cuota estándar para el resto de inscritos es de 265 euros lo que supone un <strong>ahorro de 190 euros</strong>. Esta cuota especial reducida <strong>incluye derecho a participar los cursos, la asistencia a sesiones, y el taller para nuevos investigadores. </strong>Únicamente <u>no incluye la cena de gala</u> a la que se puede asistir abonando 50 euros.</p>
<p>Además, <strong>incluye la cuota de socio por un año</strong> (que asciende a 65 euros) con todos los derechos como socio: acceso a la revista <em>Investigaciones Regionales</em>, importantes reducciones en todos los congresos internacionales de ciencia regional (RSAI), servicios y actividades de la AECR, etc. (<em>se tendrá que realizar el registro como socio a través de la web </em><a href="http://www.aecr.org/"><em>www.aecr.org</em></a><em>, después del congreso</em>).</p>
<p>Es necesario enviar un mail a info@aecr.org indicando que vas a participar junto con el justificante de la transferencia. El pago de la cuota es por transferencia a la Caja de Arquitectos ES6531830800810000092380 <strong>hasta el 15 de octubre</strong> con el comentario Tu nombre y Pago Cuota AECR-RER-Joven.</p>

<p>Conscientes de la importancia de atraer nuevos investigadores al estudio de las dinámicas espaciales económicas y sociales, la economía urbana y regional y la geografía económica la Asociación Española de Ciencia Regional invita a nuestros jóvenes investigadores a una serie de actividades en el marco de la XLIV Reunión de Estudios Regionales cuya próxima edición [&hellip;]</p>
