{"id":199,"date":"2018-03-05T14:44:13","date_gmt":"2018-03-05T14:44:13","guid":{"rendered":"http:\/\/nou.reunionesdeestudiosregionales.org\/valencia2018\/es\/?page_id=199"},"modified":"2018-11-07T19:55:53","modified_gmt":"2018-11-07T19:55:53","slug":"fechas-importantes","status":"publish","type":"page","link":"https:\/\/reunionesdeestudiosregionales.org\/valencia2018\/es\/fechas-importantes\/","title":{"rendered":"Fechas importantes"},"content":{"rendered":"<p><\/p>\n<ul>\n<li>Fechas del congreso: 21-23 de noviembre.<\/li>\n<li>Llamada a los res\u00famenes: 28 de marzo.<\/li>\n<li>Presentaci\u00f3n de res\u00famenes: 14 de mayo. <strong>Prorrogado a 25 de mayo.<\/strong><\/li>\n<li>Aceptaci\u00f3n de res\u00famenes: 31 de mayo. <strong>Prorrogado a 8 de junio.<\/strong><\/li>\n<li>Presentaci\u00f3n de comunicaciones: 23 de septiembre.<\/li>\n<li>Aceptaci\u00f3n de comunicaciones: 1 de octubre.<\/li>\n<li>Pago ordinario: finaliza el 15 de octubre.<\/li>\n<\/ul>\n<p><\/p>","protected":false},"excerpt":{"rendered":"<p>Fechas del congreso: 21-23 de noviembre. Llamada a los res\u00famenes: 28 de marzo. Presentaci\u00f3n de res\u00famenes: 14 de mayo. Prorrogado a 25 de mayo. Aceptaci\u00f3n de res\u00famenes: 31 de mayo. Prorrogado a 8 de junio. Presentaci\u00f3n de comunicaciones: 23 de septiembre. Aceptaci\u00f3n de comunicaciones: 1 de octubre. Pago ordinario: finaliza el 15 de octubre.<\/p>\n","protected":false},"author":1,"featured_media":0,"parent":0,"menu_order":6,"comment_status":"closed","ping_status":"closed","template":"","meta":{"_acf_changed":false,"footnotes":""},"class_list":["post-199","page","type-page","status-publish","hentry"],"acf":[],"_links":{"self":[{"href":"https:\/\/reunionesdeestudiosregionales.org\/valencia2018\/es\/wp-json\/wp\/v2\/pages\/199","targetHints":{"allow":["GET"]}}],"collection":[{"href":"https:\/\/reunionesdeestudiosregionales.org\/valencia2018\/es\/wp-json\/wp\/v2\/pages"}],"about":[{"href":"https:\/\/reunionesdeestudiosregionales.org\/valencia2018\/es\/wp-json\/wp\/v2\/types\/page"}],"author":[{"embeddable":true,"href":"https:\/\/reunionesdeestudiosregionales.org\/valencia2018\/es\/wp-json\/wp\/v2\/users\/1"}],"replies":[{"embeddable":true,"href":"https:\/\/reunionesdeestudiosregionales.org\/valencia2018\/es\/wp-json\/wp\/v2\/comments?post=199"}],"version-history":[{"count":7,"href":"https:\/\/reunionesdeestudiosregionales.org\/valencia2018\/es\/wp-json\/wp\/v2\/pages\/199\/revisions"}],"predecessor-version":[{"id":1541,"href":"https:\/\/reunionesdeestudiosregionales.org\/valencia2018\/es\/wp-json\/wp\/v2\/pages\/199\/revisions\/1541"}],"wp:attachment":[{"href":"https:\/\/reunionesdeestudiosregionales.org\/valencia2018\/es\/wp-json\/wp\/v2\/media?parent=199"}],"curies":[{"name":"wp","href":"https:\/\/api.w.org\/{rel}","templated":true}]}}

<p></p>
<ul>
<li>Fechas del congreso: 21-23 de noviembre.</li>
<li>Llamada a los resúmenes: 28 de marzo.</li>
<li>Presentación de resúmenes: 14 de mayo. <strong>Prorrogado a 25 de mayo.</strong></li>
<li>Aceptación de resúmenes: 31 de mayo. <strong>Prorrogado a 8 de junio.</strong></li>
<li>Presentación de comunicaciones: 23 de septiembre.</li>
<li>Aceptación de comunicaciones: 1 de octubre.</li>
<li>Pago ordinario: finaliza el 15 de octubre.</li>
</ul>
<p></p>

<p>Fechas del congreso: 21-23 de noviembre. Llamada a los resúmenes: 28 de marzo. Presentación de resúmenes: 14 de mayo. Prorrogado a 25 de mayo. Aceptación de resúmenes: 31 de mayo. Prorrogado a 8 de junio. Presentación de comunicaciones: 23 de septiembre. Aceptación de comunicaciones: 1 de octubre. Pago ordinario: finaliza el 15 de octubre.</p>
