{"id":17,"date":"2022-02-18T14:37:46","date_gmt":"2022-02-18T14:37:46","guid":{"rendered":"http:\/\/reunionesdeestudiosregionales.org\/granada2022\/?page_id=17"},"modified":"2022-07-18T12:00:32","modified_gmt":"2022-07-18T12:00:32","slug":"areas-tematicas","status":"publish","type":"page","link":"https:\/\/reunionesdeestudiosregionales.org\/granada2022\/areas-tematicas\/","title":{"rendered":"\u00c1reas tem\u00e1ticas"},"content":{"rendered":"<p><\/p>\n<ol>\n<li>Crecimiento, convergencia y desarrollo.<\/li>\n<li>Competitividad, eficiencia y productividad.<\/li>\n<li>Econom\u00eda del conocimiento y geograf\u00eda de la innovaci\u00f3n.<\/li>\n<li>Globalizaci\u00f3n y territorio.<\/li>\n<li>Localizaci\u00f3n de las actividades econ\u00f3micas.<\/li>\n<li>Sostenibilidad, medio ambiente y recursos naturales.<\/li>\n<li>Cambio demogr\u00e1fico, poblaci\u00f3n y movimientos migratorios.<\/li>\n<li>Desigualdad y cohesi\u00f3n social de los territorios.<\/li>\n<li>Mercado de trabajo y territorio.<\/li>\n<li>Emprendimiento y din\u00e1mica empresarial.<\/li>\n<li>Turismo, cultura y patrimonio.<\/li>\n<li>Gobernanza e impacto de las pol\u00edticas territoriales.<\/li>\n<li>Ordenaci\u00f3n del territorio, urbanismo y vivienda.<\/li>\n<li>Nuevas fronteras en la informaci\u00f3n estad\u00edstica territorial.<\/li>\n<li>M\u00e9todos para el an\u00e1lisis territorial.<\/li>\n<li>S-TC. Sesiones de transferencia de conocimiento Universidad-Entorno.<\/li>\n<li>S-JI.- Sesiones J\u00f3venes Investigadores: \u201cTengo una idea\u2026\u201d<\/li>\n<\/ol>\n<p style=\"padding-left: 40px;\">S01 &#8211; La dimensi\u00f3n regional de la doble transici\u00f3n verde y digital.<\/p>\n<p style=\"padding-left: 40px;\">S02 &#8211; Innovaci\u00f3n, desarrollo territorial y apoyo p\u00fablico.<\/p>\n<p style=\"padding-left: 40px;\">S03 &#8211; Desaf\u00edos en la construcci\u00f3n de indicadores compuestos para el seguimiento de pol\u00edticas p\u00fablicas.<\/p>\n<p style=\"padding-left: 40px;\">S04 &#8211; Disparidades regionales en Europa y en Espa\u00f1a desde 2007 hasta la fecha. Evoluci\u00f3n, causas y perspectivas.<\/p>\n<p style=\"padding-left: 40px;\">S05 &#8211; Desigualdades espaciales y territorios en riesgo de despoblaci\u00f3n.<\/p>\n<p style=\"padding-left: 40px;\">S06 &#8211; Inteligencia artificial, industrias creativas y rob\u00f3tica.<\/p>\n<p style=\"padding-left: 40px;\">S07 &#8211; Nuevos enfoques en geograf\u00eda econ\u00f3mica hist\u00f3rica de Espa\u00f1a.<\/p>\n<p style=\"padding-left: 40px;\">S08 &#8211; La Riqueza de los Municipios.<\/p>\n<p style=\"padding-left: 40px;\">S09 &#8211; El turismo como fen\u00f3meno de desarrollo territorial desde una perspectiva empresarial.<\/p>\n<p style=\"padding-left: 40px;\">S10 &#8211; Vino, rutas enol\u00f3gicas y patrimonio: Tres recursos b\u00e1sicos para promover el desarrollo territorial.<\/p>\n<p style=\"padding-left: 40px;\">S11 &#8211; Catalizadores y consecuencias \u201cno intencionales\u201d de la innovaci\u00f3n.<\/p>\n<p style=\"padding-left: 40px;\">S12 &#8211; Clusters y sostenibilidad en tiempos de COVID-19.<\/p>\n<p style=\"padding-left: 40px;\">S13 &#8211; Cadenas de aprovisionamiento y movilidad de la poblaci\u00f3n en la Comunitat Valenciana.<\/p>\n<p style=\"padding-left: 40px;\">S14 &#8211; Generaci\u00f3n de escenarios prospectivos en la Nueva Ruralidad.<\/p>\n<p style=\"padding-left: 40px;\">S15 &#8211; An\u00e1lisis input-output y medio ambiente. Teor\u00eda y aplicaciones<\/p>\n<p style=\"padding-left: 40px;\">S16 \u2013 Perspectivas espaciales en econom\u00eda de la cultura<\/p>\n<p style=\"padding-left: 40px;\">S17 &#8211; Sesi\u00f3n Especial de Andaluc\u00eda &#8211; CENTRA<\/p>\n<p><\/p>","protected":false},"excerpt":{"rendered":"<p>Crecimiento, convergencia y desarrollo. Competitividad, eficiencia y productividad. Econom\u00eda del conocimiento y geograf\u00eda de la innovaci\u00f3n. Globalizaci\u00f3n y territorio. Localizaci\u00f3n de las actividades econ\u00f3micas. Sostenibilidad, medio ambiente y recursos naturales. Cambio demogr\u00e1fico, poblaci\u00f3n y movimientos migratorios. Desigualdad y cohesi\u00f3n social de los territorios. Mercado de trabajo y territorio. Emprendimiento y din\u00e1mica empresarial. Turismo, cultura y [&hellip;]<\/p>\n","protected":false},"author":6,"featured_media":0,"parent":0,"menu_order":6,"comment_status":"closed","ping_status":"closed","template":"","meta":{"_acf_changed":false,"footnotes":""},"class_list":["post-17","page","type-page","status-publish","hentry"],"acf":[],"_links":{"self":[{"href":"https:\/\/reunionesdeestudiosregionales.org\/granada2022\/wp-json\/wp\/v2\/pages\/17","targetHints":{"allow":["GET"]}}],"collection":[{"href":"https:\/\/reunionesdeestudiosregionales.org\/granada2022\/wp-json\/wp\/v2\/pages"}],"about":[{"href":"https:\/\/reunionesdeestudiosregionales.org\/granada2022\/wp-json\/wp\/v2\/types\/page"}],"author":[{"embeddable":true,"href":"https:\/\/reunionesdeestudiosregionales.org\/granada2022\/wp-json\/wp\/v2\/users\/6"}],"replies":[{"embeddable":true,"href":"https:\/\/reunionesdeestudiosregionales.org\/granada2022\/wp-json\/wp\/v2\/comments?post=17"}],"version-history":[{"count":18,"href":"https:\/\/reunionesdeestudiosregionales.org\/granada2022\/wp-json\/wp\/v2\/pages\/17\/revisions"}],"predecessor-version":[{"id":1535,"href":"https:\/\/reunionesdeestudiosregionales.org\/granada2022\/wp-json\/wp\/v2\/pages\/17\/revisions\/1535"}],"wp:attachment":[{"href":"https:\/\/reunionesdeestudiosregionales.org\/granada2022\/wp-json\/wp\/v2\/media?parent=17"}],"curies":[{"name":"wp","href":"https:\/\/api.w.org\/{rel}","templated":true}]}}

Áreas temáticas

<p></p>
<ol>
<li>Crecimiento, convergencia y desarrollo.</li>
<li>Competitividad, eficiencia y productividad.</li>
<li>Economía del conocimiento y geografía de la innovación.</li>
<li>Globalización y territorio.</li>
<li>Localización de las actividades económicas.</li>
<li>Sostenibilidad, medio ambiente y recursos naturales.</li>
<li>Cambio demográfico, población y movimientos migratorios.</li>
<li>Desigualdad y cohesión social de los territorios.</li>
<li>Mercado de trabajo y territorio.</li>
<li>Emprendimiento y dinámica empresarial.</li>
<li>Turismo, cultura y patrimonio.</li>
<li>Gobernanza e impacto de las políticas territoriales.</li>
<li>Ordenación del territorio, urbanismo y vivienda.</li>
<li>Nuevas fronteras en la información estadística territorial.</li>
<li>Métodos para el análisis territorial.</li>
<li>S-TC. Sesiones de transferencia de conocimiento Universidad-Entorno.</li>
<li>S-JI.- Sesiones Jóvenes Investigadores: “Tengo una idea…”</li>
</ol>
<p style="padding-left: 40px;">S01 &#8211; La dimensión regional de la doble transición verde y digital.</p>
<p style="padding-left: 40px;">S02 &#8211; Innovación, desarrollo territorial y apoyo público.</p>
<p style="padding-left: 40px;">S03 &#8211; Desafíos en la construcción de indicadores compuestos para el seguimiento de políticas públicas.</p>
<p style="padding-left: 40px;">S04 &#8211; Disparidades regionales en Europa y en España desde 2007 hasta la fecha. Evolución, causas y perspectivas.</p>
<p style="padding-left: 40px;">S05 &#8211; Desigualdades espaciales y territorios en riesgo de despoblación.</p>
<p style="padding-left: 40px;">S06 &#8211; Inteligencia artificial, industrias creativas y robótica.</p>
<p style="padding-left: 40px;">S07 &#8211; Nuevos enfoques en geografía económica histórica de España.</p>
<p style="padding-left: 40px;">S08 &#8211; La Riqueza de los Municipios.</p>
<p style="padding-left: 40px;">S09 &#8211; El turismo como fenómeno de desarrollo territorial desde una perspectiva empresarial.</p>
<p style="padding-left: 40px;">S10 &#8211; Vino, rutas enológicas y patrimonio: Tres recursos básicos para promover el desarrollo territorial.</p>
<p style="padding-left: 40px;">S11 &#8211; Catalizadores y consecuencias “no intencionales” de la innovación.</p>
<p style="padding-left: 40px;">S12 &#8211; Clusters y sostenibilidad en tiempos de COVID-19.</p>
<p style="padding-left: 40px;">S13 &#8211; Cadenas de aprovisionamiento y movilidad de la población en la Comunitat Valenciana.</p>
<p style="padding-left: 40px;">S14 &#8211; Generación de escenarios prospectivos en la Nueva Ruralidad.</p>
<p style="padding-left: 40px;">S15 &#8211; Análisis input-output y medio ambiente. Teoría y aplicaciones</p>
<p style="padding-left: 40px;">S16 – Perspectivas espaciales en economía de la cultura</p>
<p style="padding-left: 40px;">S17 &#8211; Sesión Especial de Andalucía &#8211; CENTRA</p>
<p></p>

<p>Crecimiento, convergencia y desarrollo. Competitividad, eficiencia y productividad. Economía del conocimiento y geografía de la innovación. Globalización y territorio. Localización de las actividades económicas. Sostenibilidad, medio ambiente y recursos naturales. Cambio demográfico, población y movimientos migratorios. Desigualdad y cohesión social de los territorios. Mercado de trabajo y territorio. Emprendimiento y dinámica empresarial. Turismo, cultura y [&hellip;]</p>
